- 4 = -0. Let z(p) = s*w(p) + c(p). What is z(5)?
-14
Let a = 4274 + -4319. Let x(v) = v**2 + 49*v + 184. Give x(a).
4
Let s(o) = o**2 + 2*o - 16. Suppose 161*w - 165*w - l = -21, 0 = w + 4*l - 9. What is s(w)?
19
Suppose 5*w - 45 = -d, 35 = d - w + 14. Let a(k) = d - 67 - k + 20 + 20. Give a(-7).
5
Let n = -452 + 36. Let z = 411 + n. Let l(s) = -2*s**2 - 5*s - 7. Give l(z).
-32
Suppose 283 = p + 3*g, 0 = 24*g - 29*g - 20. Let c = p + -298. Let m(w) = w**2 + w + 4. What is m(c)?
10
Let o(g) = 30 + 12*g - 142 + 28 + 53 + g**2. Determine o(-14).
-3
Suppose 0 = r + 5, -29 - 21 = -8*m + 2*r. Let c(d) be the third derivative of 5/24*d**4 + 1/60*d**m - 1/6*d**3 + 0*d + 25*d**2 + 0. What is c(-4)?
-5
Let i(l) = -l**2 + l - 1. Suppose -3*g - 10 = 128. Let j = g - -41. Let p = j - -3. Give i(p).
-7
Let f(g) = -3*g**3 - 7*g**2 + 38*g - 4. Let q(n) = 8*n**3 + 20*n**2 - 106*n + 10. Let j(z) = -14*f(z) - 5*q(z). Give j(0).
6
Let j = 37 + -44. Let h(c) = 21*c + 11. Let y(n) = 5*n + 3. Suppose -24 = 17*z - 5*z. Let u(x) = z*h(x) + 9*y(x). What is u(j)?
-16
Let k(c) be the third derivative of c**6/60 + 2*c**5/15 + c**4/12 - 3*c**3/2 + 16*c**2 + 81*c. Give k(-3).
3
Let o = 5231 - 5230. Let i(z) = z + 5. Calculate i(o).
6
Suppose -2*g - 4 + 10 = 0. Let m = 72 - -5. Let j(b) = -m - b + 86 + g*b. What is j(-7)?
-5
Suppose -3*s - 236*a = -239*a - 3, 0 = 4*s + 3*a + 24. Let w(x) = -x**3 - 3*x**2 + 11*x + 34. Give w(s).
1
Let z(u) = 7*u - 62. Let i be z(18). Let m = i + -62. Let d(k) = 5*k**m + k**2 - k - 17*k**3 + 16*k**3. Determine d(5).
20
Let u(s) be the second derivative of -13*s**3/6 + 51*s**2/2 + 4*s + 48. Calculate u(3).
12
Let i(f) = -5*f + f + 3*f + 5. Suppose h + 5*n = -11, 2*n = -0*h - h - 2. Suppose -11 = -h*o + 9. Give i(o).
0
Let t = 4 + -7. Let u(w) = -1425*w**2 + 2899*w**2 + 2*w - 1472*w**2. What is u(t)?
12
Let h = 17 - 13. Suppose 5*p - 5 = 3*a, -3 = p - h*a + 13. Let x(c) = -3 + 77*c**2 - 4*c - 79*c**2 + 10*c. Give x(p).
-11
Suppose -43*n + 4 = -41*n. Suppose 4*f = j - 33, -f + 2*f - n*j + 17 = 0. Let x(g) = -g - 2. What is x(f)?
5
Let h(r) be the third derivative of -r**6/360 + r**5/20 - 31*r**3/3 - 2*r**2 - 2*r. Let t(x) be the first derivative of h(x). Calculate t(5).
5
Let z(q) be the third derivative of -11*q**4/24 + 118*q**3/3 - 2*q**2 - 4*q - 244. Give z(21).
5
Let d(g) = 0 + 0*g - 6*g + 1 + 0*g. Let u be (1 + -2)*(4 + -1 + 99). Let t = 100 + u. Calculate d(t).
13
Let c = -9877 - -9890. Let m(v) = -v**3 + 12*v**2 + 10*v - 14. Calculate m(c).
-53
Let m = -3435 - -3432. Let u(y) = -2*y**3 - y**2 + 2*y + 7. Determine u(m).
46
Let p(q) = 3*q**2 - 276*q + 8. Let d(t) = -t**2 + 98*t - 3. Let s(c) = 17*d(c) + 6*p(c). What is s(-8)?
-19
Let o(k) = k**2 + 12*k - 27. Suppose 106*c = 134*c + 392. What is o(c)?
1
Let i(g) = -1034 + 107*g + 504 - 158 - 5*g - 17*g. Give i(8).
-8
Let m = 315 + -310. Let g(k) = 8*k - 6. Let q(i) = 15*i - 12. Let a(f) = m*q(f) - 9*g(f). Suppose -2*d = -5*d + 12. What is a(d)?
6
Let m = 77 + -74. Let c(d) = -2*d**3 - 2 - 3*d + 0 + 5*d**m - 2*d**3 + 3*d**2. Give c(-3).
7
Let a(l) = -l**2 - 5*l + 41. Let c = -27 - -18. Let z be a(c). Let i(o) = -z - o + o - o. Determine i(-5).
0
Let m be (-1 - 0)/((7 + 0)/(-35)). Let t be -4 - (54/(-6) + m). Let d(u) = 2*u - 8. Calculate d(t).
-8
Let x(d) be the third derivative of -d**6/120 + 13*d**5/60 + 5*d**4/24 - 43*d**3/6 + 13*d**2 + 8*d + 4. What is x(13)?
22
Let m(v) = -90*v - 9. Let t(d) = -28*d - 1. Let y(g) = -5*m(g) + 16*t(g). Calculate y(-8).
13
Let q(d) = 17*d**2. Let k = 535 - 524. Suppose 0 = 4*z - 4*l + 8, -z = 12*l - k*l - 4. Calculate q(z).
17
Suppose -3*y - o = -8, -3*y - 5*o + 18 - 2 = 0. Let a(n) = -4*n + 4. Let h(f) = -9*f + 10. Let s(r) = 5*a(r) - 2*h(r). What is s(y)?
-4
Suppose -5*f + 4*c + 18 = 0, -215*c + 218*c + 8 = f. Let t(r) be the second derivative of -1/6*r**3 + 2*r + 0 - 1/2*r**f. Calculate t(0).
-1
Let v(z) = -3*z**2 - 2*z. Suppose 0*h = h - x - 13, 4*x + 25 = h. Let y = h + -7. Suppose 5*r = i + 8, -3*r - y + 4 = -2*i. Give v(r).
-16
Let x(v) = -1159*v + 3464. Let g be x(3). Let y(f) be the third derivative of f**6/120 + 13*f**5/60 - 5*f**3/6 + f**2. Determine y(g).
-5
Let l(p) = 8*p**2 + 4*p - 4. Let r(f) = 5*f**2 - f - 3. Let w(i) = 2*l(i) - 3*r(i). What is w(-11)?
1
Let s(i) = -2*i - 3. Let q(b) = -3 + 8 + 0 - 6. Let t(u) = 2*q(u) - s(u). Let n(f) = -f**3 - 9*f**2 + 9*f - 6. Let x be n(-10). Give t(x).
9
Suppose -509*y + 14 - 6 = -507*y. Let b(r) be the third derivative of -r**5/60 + 7*r**4/24 - 3*r**3/2 + 4*r**2. Determine b(y).
3
Let i(j) = j + 3. Let c(v) = -3*v - 147. Let m be c(-48). Let g be m/2*164/(-123). Give i(g).
5
Let x(n) = -2 + 7 - n**2 + 5 - 4 - 8*n. Let o = 180 + -187. Give x(o).
13
Let r(o) be the third derivative of -o**7/2520 - o**6/36 - o**5/40 + o**4/12 - 79*o**3/6 + 66*o**2. Let b(i) be the second derivative of r(i). What is b(-20)?
-3
Let q be (-2 - 8)/(45/18). Let f(b) be the third derivative of b**5/60 + 5*b**4/24 + 2*b**3/3 + 3*b**2. What is f(q)?
0
Let j(g) = -g**2 - g - 84. Let c = -3809 - -3809. Calculate j(c).
-84
Let w(n) = -959*n**2 - 4 + 18*n + 1912*n**2 - 954*n**2. What is w(18)?
-4
Let f(h) = -5*h - 7. Let j(d) = -8*d - 1. Let c(i) = i. Let y(u) = -6*c(u) - j(u). Let n(r) = -f(r) - 6*y(r). Let p = -26 - -25. Calculate n(p).
8
Let g(j) = j**3 + j**2 - j. Suppose -b - 5*y = 5, 5*b + 0*y - 2*y - 29 = 0. Suppose 0 = -3*k - 2*k + 20, -n - b*k + 18 = 0. Calculate g(n).
-2
Suppose -426 = 45*i - 201. Let u(y) = -30*y - 126. What is u(i)?
24
Let v = -289 - -291. Let h(k) = 103*k - 41*k + 1 - v*k**2 - 59*k. Let q(d) = -d**3 + 3*d**2 + 4*d + 3. Let y be q(4). What is h(y)?
-8
Let n be 3 + -1 + (0 - 0). Suppose -4*z + 5*d = n + 2, -3*d + 2 = -2*z. Let y(q) be the third derivative of q**5/30 + q**4/24 + 7828*q**2. Calculate y(z).
1
Let b(r) = 4*r - 40. Let h = -2031 + 2048. Calculate b(h).
28
Let z(c) = 6*c**2 - 10*c**2 + 77170 - 77159 - 3*c + c**3. Give z(2).
-3
Let s(a) = -11*a**3. Let f be (-56)/(5/(-20)*4). Suppose 16 = 40*n + f. What is s(n)?
11
Let i(c) = -2*c. Let z(p) = -42*p. Let j(b) = 24*i(b) - z(b). Let v be ((-16)/(-10))/(4/10). What is j(v)?
-24
Let i(z) = -5*z + 18. Let q be i(7). Let s(b) = -5*b**2 + 9*b - 30. Let l(r) = -r**2 - r. Let m(n) = 6*l(n) - s(n). Give m(q).
-4
Let i(h) = -6*h**2 + 88 + 3*h - 41 - 42 + 4*h**2 + 3*h**2. Give i(-1).
3
Let y(p) = -9*p**3. Let d(l) = -2*l**3 - 2*l**2 + 1. Let s(r) = 8*r**3 - 13*r**2 + 6. Let c(t) = -6*d(t) + s(t). Let h(v) = -4*c(v) - 9*y(v). Calculate h(-4).
0
Let x be 2 - (-12)/18*27/6. Let o(j) = -32*j - 4. Let p(w) = -31*w. Let y(b) = -o(b) + p(b). Give y(x).
9
Suppose -7*n = -3*n + 32. Let p(u) be the second derivative of -u**5/20 - 3*u**4/4 - 4*u**3/3 - u**2 + 178*u. What is p(n)?
-2
Let g(d) be the first derivative of d**3 + 5*d**2/2 + 9*d - 11684. Calculate g(-2).
11
Let s(z) = z**2 + 34*z + 280. Let u = -14596 + 14579. What is s(u)?
-9
Let c(a) = 8*a**2 - a + 1. Let b be (36 - 9)*(1 - 2). Let s = b - -27. Suppose s = 5*d - 56 + 51. What is c(d)?
8
Let z = 49 - 46. Let k be z - (2 + (0 - 31)). Let f(b) = 0*b - 2*b + k*b**2 - 30*b**2 - 3. Give f(-2).
9
Let k(c) = 3*c - 2. Let v(o) = -2*o + 3. Let g(b) = 3*k(b) + 4*v(b). Let n = 688 - 686. Let x be 1/n + -8 + (-203)/(-14). What is g(x)?
13
Let v(p) be the third derivative of -p**6/144 - p**5/24 - 2*p**4 - 92*p**2. Let n(x) be the second derivative of v(x). What is n(-2)?
5
Let b(u) = -u**2 + 44*u + 139. Suppose 0 = -1363*x + 1361*x + 5*z - 36, -2*z + 12 = 0. What is b(x)?
-2
Suppose 20*g - 18*g = 4. Let d be (16/32)/(g/60). Let h(m) = 8 - d - m + 7 + 10. Calculate h(0).
10
Suppose 3 = -g - 1. Let b(r) be the second derivative of -r**5/20 - 5*r**4/12 - r**3/6 + 3*r**2/2 + 6*r - 1161. Give b(g).
-9
Let t(y) be the second derivative of -y**4/12 + 19*y**3/6 - 83*y**2/2 + 4192*y. What is t(7)?
1
Let b(c) = 1 - 8 - 4*c + 9 - c - 1. Give b(-1).
6
Let b(d) = -10*d**2 - 2*d + 1. Suppose 2*p - 64 = -2*q, 2*q + 0*q = 3*p + 44. Suppose 40*s = 44*s - q. Suppose 2*u - 3 = -h + 1, -3*u - 2*h = -s. What is b(u)?
-11
Let f(j) be the third derivative of -5*j**4/12 + 17*j**3/3 + 5519*j**2. Calculate f(10).
-66
Suppose -15 = -6*o + o. Suppose 3*r - 6 = 0, 3*x + o*r = -0*r + 69. Let u(s) = s - 19. Let v be u(x). Let d(g) = -g**3 + g**2 